{"id":838,"date":"2026-04-27T11:32:54","date_gmt":"2026-04-27T16:32:54","guid":{"rendered":"https:\/\/educacion.leopoldonchavez.com\/?page_id=838"},"modified":"2026-04-27T11:52:48","modified_gmt":"2026-04-27T16:52:48","slug":"838-2","status":"publish","type":"page","link":"https:\/\/educacion.leopoldonchavez.com\/index.php\/838-2\/","title":{"rendered":""},"content":{"rendered":"\n<p>B\u00c1SICA ELEMENTAL<\/p>\n\n\n\n<h2 class=\"wp-block-heading\">SEGUNDO EGB<\/h2>\n\n\n\n<div class=\"wp-block-columns is-layout-flex wp-container-core-columns-is-layout-9d6595d7 wp-block-columns-is-layout-flex\">\n<div class=\"wp-block-column is-layout-flow wp-block-column-is-layout-flow\">\n<figure class=\"wp-block-image size-full is-resized\"><img fetchpriority=\"high\" decoding=\"async\" width=\"258\" height=\"195\" src=\"https:\/\/educacion.leopoldonchavez.com\/wp-content\/uploads\/2026\/04\/SEGUNDO-EGB-1.jpg\" alt=\"\" class=\"wp-image-845\" style=\"aspect-ratio:1.3232088475717263;width:409px;height:auto\"\/><\/figure>\n<\/div>\n\n\n\n<div class=\"wp-block-column is-layout-flow wp-block-column-is-layout-flow\">\n<p>El nivel de Primero de Educaci\u00f3n General B\u00e1sica (EGB) marca el inicio de una etapa fundamental en la formaci\u00f3n acad\u00e9mica de los estudiantes, donde desarrollan habilidades esenciales como la lectura, la escritura y el razonamiento l\u00f3gico. En la Unidad Educativa Leopoldo N. Ch\u00e1vez, este proceso se fortalece a trav\u00e9s de un enfoque pedag\u00f3gico integral, con docentes comprometidos, un ambiente seguro y motivador, y el uso de metodolog\u00edas activas que promueven el aprendizaje significativo. Nuestra instituci\u00f3n se destaca por fomentar valores, la convivencia arm\u00f3nica y el desarrollo de talentos, brindando a cada estudiante las herramientas necesarias para un futuro exitoso.<\/p>\n<\/div>\n<\/div>\n\n\n\n<h2 class=\"wp-block-heading\">TERCERO EGB<\/h2>\n\n\n\n<div class=\"wp-block-columns is-layout-flex wp-container-core-columns-is-layout-9d6595d7 wp-block-columns-is-layout-flex\">\n<div class=\"wp-block-column is-layout-flow wp-block-column-is-layout-flow\">\n<p><br>El nivel de Tercero de Educaci\u00f3n General B\u00e1sica (EGB) es una etapa en la que los estudiantes consolidan sus aprendizajes fundamentales y desarrollan mayor autonom\u00eda en su proceso educativo. Se fortalecen habilidades como la comprensi\u00f3n lectora, la escritura y el razonamiento matem\u00e1tico, as\u00ed como el pensamiento cr\u00edtico. En la Unidad Educativa Leopoldo N. Ch\u00e1vez, este nivel se impulsa mediante una educaci\u00f3n de calidad, con docentes capacitados, un ambiente inclusivo y estrategias innovadoras que motivan a los estudiantes a aprender con entusiasmo. Adem\u00e1s, se promueve la formaci\u00f3n en valores y el desarrollo integral, preparando a los ni\u00f1os para enfrentar con \u00e9xito los nuevos desaf\u00edos acad\u00e9micos.<\/p>\n<\/div>\n\n\n\n<div class=\"wp-block-column is-layout-flow wp-block-column-is-layout-flow\">\n<figure class=\"wp-block-image size-full is-resized\"><img decoding=\"async\" width=\"241\" height=\"209\" src=\"https:\/\/educacion.leopoldonchavez.com\/wp-content\/uploads\/2026\/04\/TERCERO-EGB.jpg\" alt=\"\" class=\"wp-image-846\" style=\"aspect-ratio:1.1532077164647825;width:400px;height:auto\"\/><\/figure>\n<\/div>\n<\/div>\n\n\n\n<h2 class=\"wp-block-heading\">CUARTO EGB<\/h2>\n\n\n\n<div class=\"wp-block-columns is-layout-flex wp-container-core-columns-is-layout-9d6595d7 wp-block-columns-is-layout-flex\">\n<div class=\"wp-block-column is-layout-flow wp-block-column-is-layout-flow\">\n<figure class=\"wp-block-image size-full\"><img decoding=\"async\" width=\"202\" height=\"250\" src=\"https:\/\/educacion.leopoldonchavez.com\/wp-content\/uploads\/2026\/04\/CUARTO.jpg\" alt=\"\" class=\"wp-image-847\"\/><\/figure>\n<\/div>\n\n\n\n<div class=\"wp-block-column is-layout-flow wp-block-column-is-layout-flow\">\n<p>El nivel de Cuarto de Educaci\u00f3n General B\u00e1sica (EGB) representa una etapa de avance significativo en el aprendizaje, donde los estudiantes fortalecen sus conocimientos y desarrollan mayor capacidad de an\u00e1lisis y reflexi\u00f3n. En este grado se profundiza en la comprensi\u00f3n lectora, la producci\u00f3n escrita y el razonamiento l\u00f3gico-matem\u00e1tico, fomentando tambi\u00e9n la investigaci\u00f3n y la participaci\u00f3n activa. En la Unidad Educativa Leopoldo N. Ch\u00e1vez, se brinda un entorno educativo estimulante, con docentes comprometidos y metodolog\u00edas innovadoras que impulsan el pensamiento cr\u00edtico, la creatividad y la formaci\u00f3n en valores, garantizando una educaci\u00f3n integral de calidad.<\/p>\n<\/div>\n<\/div>\n\n\n\n<div class=\"wp-block-columns is-layout-flex wp-container-core-columns-is-layout-9d6595d7 wp-block-columns-is-layout-flex\">\n<div class=\"wp-block-column is-layout-flow wp-block-column-is-layout-flow\"><\/div>\n<\/div>\n\n\n\n<p><\/p>\n","protected":false},"excerpt":{"rendered":"<p>B\u00c1SICA ELEMENTAL SEGUNDO EGB El nivel de Primero de Educaci\u00f3n General B\u00e1sica (EGB) marca el inicio de una etapa fundamental en la formaci\u00f3n acad\u00e9mica de los estudiantes, donde desarrollan habilidades esenciales como la lectura, la escritura y el razonamiento l\u00f3gico. En la Unidad Educativa Leopoldo N. Ch\u00e1vez, este proceso se fortalece a trav\u00e9s de un [&hellip;]<\/p>\n","protected":false},"author":2,"featured_media":0,"parent":0,"menu_order":0,"comment_status":"closed","ping_status":"closed","template":"","meta":{"footnotes":""},"class_list":["post-838","page","type-page","status-publish","hentry"],"yoast_head":"<!-- This site is optimized with the Yoast SEO plugin v27.4 - https:\/\/yoast.com\/product\/yoast-seo-wordpress\/ -->\n<title>- UNIDAD EDUCATIVA LEOPOLDO N CHAVEZ<\/title>\n<meta name=\"robots\" content=\"index, follow, max-snippet:-1, max-image-preview:large, max-video-preview:-1\" \/>\n<link rel=\"canonical\" href=\"https:\/\/educacion.leopoldonchavez.com\/index.php\/838-2\/\" \/>\n<meta property=\"og:locale\" content=\"es_ES\" \/>\n<meta property=\"og:type\" content=\"article\" \/>\n<meta property=\"og:title\" content=\"- UNIDAD EDUCATIVA LEOPOLDO N CHAVEZ\" \/>\n<meta property=\"og:description\" content=\"B\u00c1SICA ELEMENTAL SEGUNDO EGB El nivel de Primero de Educaci\u00f3n General B\u00e1sica (EGB) marca el inicio de una etapa fundamental en la formaci\u00f3n acad\u00e9mica de los estudiantes, donde desarrollan habilidades esenciales como la lectura, la escritura y el razonamiento l\u00f3gico. En la Unidad Educativa Leopoldo N. Ch\u00e1vez, este proceso se fortalece a trav\u00e9s de un [&hellip;]\" \/>\n<meta property=\"og:url\" content=\"https:\/\/educacion.leopoldonchavez.com\/index.php\/838-2\/\" \/>\n<meta property=\"og:site_name\" content=\"UNIDAD EDUCATIVA LEOPOLDO N CHAVEZ\" \/>\n<meta property=\"article:modified_time\" content=\"2026-04-27T16:52:48+00:00\" \/>\n<meta property=\"og:image\" content=\"https:\/\/educacion.leopoldonchavez.com\/wp-content\/uploads\/2026\/04\/SEGUNDO-EGB-1.jpg\" \/>\n\t<meta property=\"og:image:width\" content=\"258\" \/>\n\t<meta property=\"og:image:height\" content=\"195\" \/>\n\t<meta property=\"og:image:type\" content=\"image\/jpeg\" \/>\n<meta name=\"twitter:card\" content=\"summary_large_image\" \/>\n<meta name=\"twitter:label1\" content=\"Tiempo de lectura\" \/>\n\t<meta name=\"twitter:data1\" content=\"2 minutos\" \/>\n<script type=\"application\/ld+json\" class=\"yoast-schema-graph\">{\"@context\":\"https:\\\/\\\/schema.org\",\"@graph\":[{\"@type\":\"WebPage\",\"@id\":\"https:\\\/\\\/educacion.leopoldonchavez.com\\\/index.php\\\/838-2\\\/\",\"url\":\"https:\\\/\\\/educacion.leopoldonchavez.com\\\/index.php\\\/838-2\\\/\",\"name\":\"- UNIDAD EDUCATIVA LEOPOLDO N CHAVEZ\",\"isPartOf\":{\"@id\":\"https:\\\/\\\/educacion.leopoldonchavez.com\\\/#website\"},\"primaryImageOfPage\":{\"@id\":\"https:\\\/\\\/educacion.leopoldonchavez.com\\\/index.php\\\/838-2\\\/#primaryimage\"},\"image\":{\"@id\":\"https:\\\/\\\/educacion.leopoldonchavez.com\\\/index.php\\\/838-2\\\/#primaryimage\"},\"thumbnailUrl\":\"https:\\\/\\\/educacion.leopoldonchavez.com\\\/wp-content\\\/uploads\\\/2026\\\/04\\\/SEGUNDO-EGB-1.jpg\",\"datePublished\":\"2026-04-27T16:32:54+00:00\",\"dateModified\":\"2026-04-27T16:52:48+00:00\",\"inLanguage\":\"es\",\"potentialAction\":[{\"@type\":\"ReadAction\",\"target\":[\"https:\\\/\\\/educacion.leopoldonchavez.com\\\/index.php\\\/838-2\\\/\"]}]},{\"@type\":\"ImageObject\",\"inLanguage\":\"es\",\"@id\":\"https:\\\/\\\/educacion.leopoldonchavez.com\\\/index.php\\\/838-2\\\/#primaryimage\",\"url\":\"https:\\\/\\\/educacion.leopoldonchavez.com\\\/wp-content\\\/uploads\\\/2026\\\/04\\\/SEGUNDO-EGB-1.jpg\",\"contentUrl\":\"https:\\\/\\\/educacion.leopoldonchavez.com\\\/wp-content\\\/uploads\\\/2026\\\/04\\\/SEGUNDO-EGB-1.jpg\",\"width\":258,\"height\":195},{\"@type\":\"WebSite\",\"@id\":\"https:\\\/\\\/educacion.leopoldonchavez.com\\\/#website\",\"url\":\"https:\\\/\\\/educacion.leopoldonchavez.com\\\/\",\"name\":\"UNIDAD EDUCATIVA LEOPOLDO N CHAVEZ\",\"description\":\"LA ESPERANZA - PEDRO MONCAYO - PICHINCHA - ECUADOR\",\"publisher\":{\"@id\":\"https:\\\/\\\/educacion.leopoldonchavez.com\\\/#organization\"},\"potentialAction\":[{\"@type\":\"SearchAction\",\"target\":{\"@type\":\"EntryPoint\",\"urlTemplate\":\"https:\\\/\\\/educacion.leopoldonchavez.com\\\/?s={search_term_string}\"},\"query-input\":{\"@type\":\"PropertyValueSpecification\",\"valueRequired\":true,\"valueName\":\"search_term_string\"}}],\"inLanguage\":\"es\"},{\"@type\":\"Organization\",\"@id\":\"https:\\\/\\\/educacion.leopoldonchavez.com\\\/#organization\",\"name\":\"UNIDAD EDUCATIVA LEOPOLDO N CHAVEZ\",\"url\":\"https:\\\/\\\/educacion.leopoldonchavez.com\\\/\",\"logo\":{\"@type\":\"ImageObject\",\"inLanguage\":\"es\",\"@id\":\"https:\\\/\\\/educacion.leopoldonchavez.com\\\/#\\\/schema\\\/logo\\\/image\\\/\",\"url\":\"https:\\\/\\\/educacion.leopoldonchavez.com\\\/wp-content\\\/uploads\\\/2023\\\/08\\\/ROTULO-UE-LEOPOLDO-3.png\",\"contentUrl\":\"https:\\\/\\\/educacion.leopoldonchavez.com\\\/wp-content\\\/uploads\\\/2023\\\/08\\\/ROTULO-UE-LEOPOLDO-3.png\",\"width\":4819,\"height\":1305,\"caption\":\"UNIDAD EDUCATIVA LEOPOLDO N CHAVEZ\"},\"image\":{\"@id\":\"https:\\\/\\\/educacion.leopoldonchavez.com\\\/#\\\/schema\\\/logo\\\/image\\\/\"}}]}<\/script>\n<!-- \/ Yoast SEO plugin. -->","yoast_head_json":{"title":"- UNIDAD EDUCATIVA LEOPOLDO N CHAVEZ","robots":{"index":"index","follow":"follow","max-snippet":"max-snippet:-1","max-image-preview":"max-image-preview:large","max-video-preview":"max-video-preview:-1"},"canonical":"https:\/\/educacion.leopoldonchavez.com\/index.php\/838-2\/","og_locale":"es_ES","og_type":"article","og_title":"- UNIDAD EDUCATIVA LEOPOLDO N CHAVEZ","og_description":"B\u00c1SICA ELEMENTAL SEGUNDO EGB El nivel de Primero de Educaci\u00f3n General B\u00e1sica (EGB) marca el inicio de una etapa fundamental en la formaci\u00f3n acad\u00e9mica de los estudiantes, donde desarrollan habilidades esenciales como la lectura, la escritura y el razonamiento l\u00f3gico. En la Unidad Educativa Leopoldo N. Ch\u00e1vez, este proceso se fortalece a trav\u00e9s de un [&hellip;]","og_url":"https:\/\/educacion.leopoldonchavez.com\/index.php\/838-2\/","og_site_name":"UNIDAD EDUCATIVA LEOPOLDO N CHAVEZ","article_modified_time":"2026-04-27T16:52:48+00:00","og_image":[{"width":258,"height":195,"url":"https:\/\/educacion.leopoldonchavez.com\/wp-content\/uploads\/2026\/04\/SEGUNDO-EGB-1.jpg","type":"image\/jpeg"}],"twitter_card":"summary_large_image","twitter_misc":{"Tiempo de lectura":"2 minutos"},"schema":{"@context":"https:\/\/schema.org","@graph":[{"@type":"WebPage","@id":"https:\/\/educacion.leopoldonchavez.com\/index.php\/838-2\/","url":"https:\/\/educacion.leopoldonchavez.com\/index.php\/838-2\/","name":"- UNIDAD EDUCATIVA LEOPOLDO N CHAVEZ","isPartOf":{"@id":"https:\/\/educacion.leopoldonchavez.com\/#website"},"primaryImageOfPage":{"@id":"https:\/\/educacion.leopoldonchavez.com\/index.php\/838-2\/#primaryimage"},"image":{"@id":"https:\/\/educacion.leopoldonchavez.com\/index.php\/838-2\/#primaryimage"},"thumbnailUrl":"https:\/\/educacion.leopoldonchavez.com\/wp-content\/uploads\/2026\/04\/SEGUNDO-EGB-1.jpg","datePublished":"2026-04-27T16:32:54+00:00","dateModified":"2026-04-27T16:52:48+00:00","inLanguage":"es","potentialAction":[{"@type":"ReadAction","target":["https:\/\/educacion.leopoldonchavez.com\/index.php\/838-2\/"]}]},{"@type":"ImageObject","inLanguage":"es","@id":"https:\/\/educacion.leopoldonchavez.com\/index.php\/838-2\/#primaryimage","url":"https:\/\/educacion.leopoldonchavez.com\/wp-content\/uploads\/2026\/04\/SEGUNDO-EGB-1.jpg","contentUrl":"https:\/\/educacion.leopoldonchavez.com\/wp-content\/uploads\/2026\/04\/SEGUNDO-EGB-1.jpg","width":258,"height":195},{"@type":"WebSite","@id":"https:\/\/educacion.leopoldonchavez.com\/#website","url":"https:\/\/educacion.leopoldonchavez.com\/","name":"UNIDAD EDUCATIVA LEOPOLDO N CHAVEZ","description":"LA ESPERANZA - PEDRO MONCAYO - PICHINCHA - ECUADOR","publisher":{"@id":"https:\/\/educacion.leopoldonchavez.com\/#organization"},"potentialAction":[{"@type":"SearchAction","target":{"@type":"EntryPoint","urlTemplate":"https:\/\/educacion.leopoldonchavez.com\/?s={search_term_string}"},"query-input":{"@type":"PropertyValueSpecification","valueRequired":true,"valueName":"search_term_string"}}],"inLanguage":"es"},{"@type":"Organization","@id":"https:\/\/educacion.leopoldonchavez.com\/#organization","name":"UNIDAD EDUCATIVA LEOPOLDO N CHAVEZ","url":"https:\/\/educacion.leopoldonchavez.com\/","logo":{"@type":"ImageObject","inLanguage":"es","@id":"https:\/\/educacion.leopoldonchavez.com\/#\/schema\/logo\/image\/","url":"https:\/\/educacion.leopoldonchavez.com\/wp-content\/uploads\/2023\/08\/ROTULO-UE-LEOPOLDO-3.png","contentUrl":"https:\/\/educacion.leopoldonchavez.com\/wp-content\/uploads\/2023\/08\/ROTULO-UE-LEOPOLDO-3.png","width":4819,"height":1305,"caption":"UNIDAD EDUCATIVA LEOPOLDO N CHAVEZ"},"image":{"@id":"https:\/\/educacion.leopoldonchavez.com\/#\/schema\/logo\/image\/"}}]}},"_links":{"self":[{"href":"https:\/\/educacion.leopoldonchavez.com\/index.php\/wp-json\/wp\/v2\/pages\/838","targetHints":{"allow":["GET"]}}],"collection":[{"href":"https:\/\/educacion.leopoldonchavez.com\/index.php\/wp-json\/wp\/v2\/pages"}],"about":[{"href":"https:\/\/educacion.leopoldonchavez.com\/index.php\/wp-json\/wp\/v2\/types\/page"}],"author":[{"embeddable":true,"href":"https:\/\/educacion.leopoldonchavez.com\/index.php\/wp-json\/wp\/v2\/users\/2"}],"replies":[{"embeddable":true,"href":"https:\/\/educacion.leopoldonchavez.com\/index.php\/wp-json\/wp\/v2\/comments?post=838"}],"version-history":[{"count":4,"href":"https:\/\/educacion.leopoldonchavez.com\/index.php\/wp-json\/wp\/v2\/pages\/838\/revisions"}],"predecessor-version":[{"id":852,"href":"https:\/\/educacion.leopoldonchavez.com\/index.php\/wp-json\/wp\/v2\/pages\/838\/revisions\/852"}],"wp:attachment":[{"href":"https:\/\/educacion.leopoldonchavez.com\/index.php\/wp-json\/wp\/v2\/media?parent=838"}],"curies":[{"name":"wp","href":"https:\/\/api.w.org\/{rel}","templated":true}]}}